{"id":166012,"date":"2022-05-18T16:19:32","date_gmt":"2022-05-18T07:19:32","guid":{"rendered":"https:\/\/www.deviser.co.jp\/?post_type=artist&#038;p=166012"},"modified":"2022-05-18T16:25:32","modified_gmt":"2022-05-18T07:25:32","slug":"felipe-catrilef","status":"publish","type":"artist","link":"https:\/\/www.deviser.co.jp\/en\/artist\/felipe-catrilef","title":{"rendered":"Felipe Catrilef"},"content":{"rendered":"\n<div class=\"wp-block-egb-c-grid c-grid\">\n<div class=\"wp-block-egb-c-grid-unit c-grid__u c-grid__u_medium_1of3\">\n<figure class=\"wp-block-image size-large\"><img loading=\"lazy\" width=\"384\" height=\"684\" src=\"https:\/\/www.deviser.co.jp\/wp-content\/uploads\/2022\/05\/IMG_9991.jpg\" alt=\"\" class=\"wp-image-166046\" srcset=\"https:\/\/www.deviser.co.jp\/wp-content\/uploads\/2022\/05\/IMG_9991.jpg 384w, https:\/\/www.deviser.co.jp\/wp-content\/uploads\/2022\/05\/IMG_9991-253x450.jpg 253w\" sizes=\"(max-width: 384px) 100vw, 384px\" \/><\/figure>\n<\/div>\n\n\n\n<div class=\"wp-block-egb-c-grid-unit c-grid__u c-grid__u_medium_2of3\">\n<h2 class=\"u-mt-none\">Biography<\/h2>\n\n\n\n<p>He was born in Coyhaique on May 23, 1989. At the age of 15, he began to play the electric bass. In 2009 he obtained the Talento Joven scholarship and entered university with a major in Music and Sound, from that same year he began his studies under the tutelage of renowned bassist Christian Galvez, who invited him to be part of his new Jazz Fusion project, releasing the album &#8220;Kinetic&#8221; (2010).<\/p>\n\n\n\n<p>He has shared the stage with Leo Masl\u00edah, Jeff Berlin, Freddy Torrealba, \u00c1ngel Parra, Ernesto Holman, Jorge Campos, Marcelo C\u00f3rdova, Eduardo Gatti among others.<\/p>\n\n\n\n<p>In 2015 he founded, along with four partners, La Quinta Estudios, a professional recording studio, working as a music producer and sessionist. In 2017 he releases his first album with Jordan Garc\u00eda on drums and Oscar Pizarro on piano. He also receives the sponsorship of the prestigious international brand Darkglass Electronics. In 2019 he formed the band Ney\u00fcn with Gabriel Jofr\u00e9 on guitar and Cesar Garc\u00eda on drums, releasing his first EP in 2020. The same year he represented Chile in the ACT4MUSIC jazz festival along with outstanding national musicians. Also, together with the outstanding drummer Josu\u00e9 Villalobos they formed the duo Groove in Transit, debuting at the Villa Grimaldi jazz festival. From 2011 to 2018 he served as a professor of Electric Bass at the Escuela Superior de Jazz.<\/p>\n\n\n\n<p><\/p>\n<\/div>\n\n\n\n<div class=\"wp-block-egb-c-grid-unit c-grid__u\"><\/div>\n\n\n\n<div class=\"wp-block-egb-c-grid-unit c-grid__u\"><\/div>\n<\/div>\n\n\n\n<figure class=\"wp-block-embed is-type-video is-provider-youtube wp-block-embed-youtube wp-embed-aspect-16-9 wp-has-aspect-ratio\"><div class=\"wp-block-embed__wrapper\">\n<iframe title=\"Felipe Catrilef - Donde estas prenda querida\" width=\"500\" height=\"281\" src=\"https:\/\/www.youtube.com\/embed\/ntNlL3dHbaU?feature=oembed\" frameborder=\"0\" allow=\"accelerometer; autoplay; clipboard-write; encrypted-media; gyroscope; picture-in-picture\" allowfullscreen><\/iframe>\n<\/div><\/figure>\n\n\n\n<figure class=\"wp-block-embed is-type-video is-provider-youtube wp-block-embed-youtube wp-embed-aspect-16-9 wp-has-aspect-ratio\"><div class=\"wp-block-embed__wrapper\">\n<iframe title=\"Bacchus BJB1-RSM- Felipe Catrilef\" width=\"500\" height=\"281\" src=\"https:\/\/www.youtube.com\/embed\/3fXrNvv-Dag?feature=oembed\" frameborder=\"0\" allow=\"accelerometer; autoplay; clipboard-write; encrypted-media; gyroscope; picture-in-picture\" allowfullscreen><\/iframe>\n<\/div><\/figure>\n\n\n\n<figure class=\"wp-block-embed is-type-video is-provider-youtube wp-block-embed-youtube wp-embed-aspect-16-9 wp-has-aspect-ratio\"><div class=\"wp-block-embed__wrapper\">\n<iframe title=\"UNICROMA FULL ALBUM ::  [LA QUINTA ESTUDIOS]\" width=\"500\" height=\"281\" src=\"https:\/\/www.youtube.com\/embed\/XBACocFg-MI?feature=oembed\" frameborder=\"0\" allow=\"accelerometer; autoplay; clipboard-write; encrypted-media; gyroscope; picture-in-picture\" allowfullscreen><\/iframe>\n<\/div><\/figure>\n","protected":false},"excerpt":{"rendered":"","protected":false},"author":3,"featured_media":166223,"menu_order":60,"template":"","meta":{"spay_email":"","_links_to":"","_links_to_target":""},"artist-brand-cat":[248],"artist-signature-cat":[],"_links":{"self":[{"href":"https:\/\/www.deviser.co.jp\/en\/wp-json\/wp\/v2\/artist\/166012"}],"collection":[{"href":"https:\/\/www.deviser.co.jp\/en\/wp-json\/wp\/v2\/artist"}],"about":[{"href":"https:\/\/www.deviser.co.jp\/en\/wp-json\/wp\/v2\/types\/artist"}],"author":[{"embeddable":true,"href":"https:\/\/www.deviser.co.jp\/en\/wp-json\/wp\/v2\/users\/3"}],"version-history":[{"count":0,"href":"https:\/\/www.deviser.co.jp\/en\/wp-json\/wp\/v2\/artist\/166012\/revisions"}],"wp:featuredmedia":[{"embeddable":true,"href":"https:\/\/www.deviser.co.jp\/en\/wp-json\/wp\/v2\/media\/166223"}],"wp:attachment":[{"href":"https:\/\/www.deviser.co.jp\/en\/wp-json\/wp\/v2\/media?parent=166012"}],"wp:term":[{"taxonomy":"artist-brand-cat","embeddable":true,"href":"https:\/\/www.deviser.co.jp\/en\/wp-json\/wp\/v2\/artist-brand-cat?post=166012"},{"taxonomy":"artist-signature-cat","embeddable":true,"href":"https:\/\/www.deviser.co.jp\/en\/wp-json\/wp\/v2\/artist-signature-cat?post=166012"}],"curies":[{"name":"wp","href":"https:\/\/api.w.org\/{rel}","templated":true}]}}

<div class="wp-block-egb-c-grid c-grid">
<div class="wp-block-egb-c-grid-unit c-grid__u c-grid__u_medium_1of3">
<figure class="wp-block-image size-large"><img loading="lazy" width="384" height="684" src="https://www.deviser.co.jp/wp-content/uploads/2022/05/IMG_9991.jpg" alt="" class="wp-image-166046" srcset="https://www.deviser.co.jp/wp-content/uploads/2022/05/IMG_9991.jpg 384w, https://www.deviser.co.jp/wp-content/uploads/2022/05/IMG_9991-253x450.jpg 253w" sizes="(max-width: 384px) 100vw, 384px" /></figure>
</div>



<div class="wp-block-egb-c-grid-unit c-grid__u c-grid__u_medium_2of3">
<h2 class="u-mt-none">Biography</h2>



<p>He was born in Coyhaique on May 23, 1989. At the age of 15, he began to play the electric bass. In 2009 he obtained the Talento Joven scholarship and entered university with a major in Music and Sound, from that same year he began his studies under the tutelage of renowned bassist Christian Galvez, who invited him to be part of his new Jazz Fusion project, releasing the album &#8220;Kinetic&#8221; (2010).</p>



<p>He has shared the stage with Leo Maslíah, Jeff Berlin, Freddy Torrealba, Ángel Parra, Ernesto Holman, Jorge Campos, Marcelo Córdova, Eduardo Gatti among others.</p>



<p>In 2015 he founded, along with four partners, La Quinta Estudios, a professional recording studio, working as a music producer and sessionist. In 2017 he releases his first album with Jordan García on drums and Oscar Pizarro on piano. He also receives the sponsorship of the prestigious international brand Darkglass Electronics. In 2019 he formed the band Neyün with Gabriel Jofré on guitar and Cesar García on drums, releasing his first EP in 2020. The same year he represented Chile in the ACT4MUSIC jazz festival along with outstanding national musicians. Also, together with the outstanding drummer Josué Villalobos they formed the duo Groove in Transit, debuting at the Villa Grimaldi jazz festival. From 2011 to 2018 he served as a professor of Electric Bass at the Escuela Superior de Jazz.</p>



<p></p>
</div>



<div class="wp-block-egb-c-grid-unit c-grid__u"></div>



<div class="wp-block-egb-c-grid-unit c-grid__u"></div>
</div>



<figure class="wp-block-embed is-type-video is-provider-youtube wp-block-embed-youtube wp-embed-aspect-16-9 wp-has-aspect-ratio"><div class="wp-block-embed__wrapper">
<iframe title="Felipe Catrilef - Donde estas prenda querida" width="500" height="281" src="https://www.youtube.com/embed/ntNlL3dHbaU?feature=oembed" frameborder="0" allow="accelerometer; autoplay; clipboard-write; encrypted-media; gyroscope; picture-in-picture" allowfullscreen></iframe>
</div></figure>



<figure class="wp-block-embed is-type-video is-provider-youtube wp-block-embed-youtube wp-embed-aspect-16-9 wp-has-aspect-ratio"><div class="wp-block-embed__wrapper">
<iframe title="Bacchus BJB1-RSM- Felipe Catrilef" width="500" height="281" src="https://www.youtube.com/embed/3fXrNvv-Dag?feature=oembed" frameborder="0" allow="accelerometer; autoplay; clipboard-write; encrypted-media; gyroscope; picture-in-picture" allowfullscreen></iframe>
</div></figure>



<figure class="wp-block-embed is-type-video is-provider-youtube wp-block-embed-youtube wp-embed-aspect-16-9 wp-has-aspect-ratio"><div class="wp-block-embed__wrapper">
<iframe title="UNICROMA FULL ALBUM ::  [LA QUINTA ESTUDIOS]" width="500" height="281" src="https://www.youtube.com/embed/XBACocFg-MI?feature=oembed" frameborder="0" allow="accelerometer; autoplay; clipboard-write; encrypted-media; gyroscope; picture-in-picture" allowfullscreen></iframe>
</div></figure>
